re the prime factors of 19834003?
7, 163, 17383
List the prime factors of 86080080.
2, 3, 5, 358667
What are the prime factors of 525253243?
31, 71, 167, 1429
List the prime factors of 16840879.
11, 151, 10139
List the prime factors of 83601281.
2861, 29221
What are the prime factors of 25376679?
3, 199, 4723
List the prime factors of 4307117467.
17, 19, 1601, 8329
List the prime factors of 1039282052.
2, 259820513
List the prime factors of 432379269.
3, 7, 661, 3461
List the prime factors of 62986489.
23, 1459, 1877
What are the prime factors of 186622487?
37, 53, 59, 1613
List the prime factors of 196012273.
37, 1459, 3631
List the prime factors of 1008441341.
127, 7940483
What are the prime factors of 191722521?
3, 19, 1091, 3083
What are the prime factors of 245476011?
3, 11, 31, 239957
List the prime factors of 1268489479.
71, 17866049
What are the prime factors of 1630481406?
2, 3, 271746901
List the prime factors of 21957646.
2, 10978823
What are the prime factors of 54218794?
2, 7, 553253
List the prime factors of 316788191.
37, 181, 47303
What are the prime factors of 67615522?
2, 13, 43, 197, 307
What are the prime factors of 3726268729?
51971, 71699
List the prime factors of 11509995.
3, 5, 7, 109619
What are the prime factors of 129332781?
3, 1596701
What are the prime factors of 8581267361?
17, 504780433
What are the prime factors of 12825941?
601, 21341
What are the prime factors of 84236341?
7, 245587
List the prime factors of 3772744693.
3772744693
List the prime factors of 16552682.
2, 8276341
What are the prime factors of 610380480?
2, 3, 5, 635813
List the prime factors of 1627132121.
11113, 146417
What are the prime factors of 600146811?
3, 11, 551099
List the prime factors of 3089418407.
3089418407
List the prime factors of 9347151.
3, 11, 31, 9137
What are the prime factors of 88460132?
2, 22115033
What are the prime factors of 427690061?
1511, 283051
List the prime factors of 63146731.
63146731
List the prime factors of 2812069257.
3, 673, 1392803
List the prime factors of 1105242788.
2, 13, 47, 452227
What are the prime factors of 119597807?
7, 503, 33967
List the prime factors of 3230168939.
907, 3561377
List the prime factors of 120222597.
3, 11, 947, 3847
List the prime factors of 90787553.
1523, 59611
List the prime factors of 153806517.
3, 29, 589297
What are the prime factors of 643961046?
2, 3, 59, 677, 2687
What are the prime factors of 22708492?
2, 31, 367, 499
What are the prime factors of 5595487799?
11, 508680709
What are the prime factors of 1142746767?
3, 47, 2701529
What are the prime factors of 560621841?
3, 13, 79, 13997
What are the prime factors of 132663?
3, 44221
List the prime factors of 254182740.
2, 3, 5, 7, 587, 1031
What are the prime factors of 128459756?
2, 59, 113, 4817
List the prime factors of 486117522.
2, 3, 11, 47, 52237
What are the prime factors of 80500041?
3, 2981483
List the prime factors of 72206496.
2, 3, 409, 613
List the prime factors of 252601323.
3, 13, 67, 96671
What are the prime factors of 155190328?
2, 19, 1020989
List the prime factors of 11487519.
3, 661, 1931
What are the prime factors of 711537220?
2, 5, 35576861
List the prime factors of 17858443.
163, 331
List the prime factors of 310399727.
11, 167, 15361
List the prime factors of 527511255.
3, 5, 139, 253003
List the prime factors of 169433246.
2, 911, 92993
List the prime factors of 25907286.
2, 3, 17, 253993
List the prime factors of 66191746.
2, 23, 29, 59
List the prime factors of 81741900.
2, 3, 5, 53, 97
What are the prime factors of 160135037?
160135037
List the prime factors of 572281840.
2, 5, 13, 43, 67, 191
List the prime factors of 199270921.
199270921
List the prime factors of 2763526573.
19, 145448767
List the prime factors of 1727756643.
3, 2819, 204299
What are the prime factors of 506207557?
19, 29, 48353
What are the prime factors of 646960370?
2, 5, 7, 43, 59, 3643
What are the prime factors of 29288966?
2, 7, 53, 5639
What are the prime factors of 119747407?
13, 23, 619, 647
What are the prime factors of 2892838534?
2, 34487, 41941
List the prime factors of 738501325.
5, 29540053
What are the prime factors of 54020039?
54020039
What are the prime factors of 14760913?
17, 29, 79, 379
What are the prime factors of 168556459?
168556459
What are the prime factors of 58741308?
2, 3, 543901
List the prime factors of 97010238.
2, 3, 13, 19, 67, 977
What are the prime factors of 526219008?
2, 3, 7, 97883
List the prime factors of 3911725649.
13, 191, 1021, 1543
List the prime factors of 49539146.
2, 24769573
What are the prime factors of 4090172248?
2, 23, 22229197
List the prime factors of 470731663.
470731663
What are the prime factors of 221633328?
2, 3, 7, 19, 149, 233
List the prime factors of 694116317.
521, 1332277
What are the prime factors of 24985770?
2, 3, 5, 751, 1109
List the prime factors of 780103250.
2, 5, 3120413
List the prime factors of 244520431.
29, 8431739
What are the prime factors of 36692260?
2, 5, 11, 166783
What are the prime factors of 15738283?
11, 37, 38669
List the prime factors of 53705692.
2, 13426423
What are the prime factors of 163267049?
11, 31, 47, 61, 167
What are the prime factors of 268948580?
2, 5, 3407, 3947
List the prime factors of 403754288.
2, 7, 281, 12829
List the prime factors of 374137623.
3, 1539661
What are the prime factors of 19695506?
2, 2767, 3559
What are the prime factors of 96534248?
2, 31, 419, 929
What are the prime factors of 80804175?
3, 5, 23, 139, 337
List the prime factors of 101348979.
3, 43, 785651
List the prime factors of 70716547.
11, 6428777
What are the prime factors of 6536528908?
2, 7, 13, 101, 177797
What are the prime factors of 2186406525?
3, 5, 2347, 12421
What are the prime factors of 96630064?
2, 1747, 3457
List the prime factors of 545126485.
5, 29, 229, 16417
What are the prime factors of 382196771?
11, 17, 29, 43, 149
List the prime factors of 55213175.
5, 941, 2347
What are the prime factors of 2984549691?
3, 1549, 642253
List the prime factors of 59973310.
2, 5, 19, 83, 3803
List the prime factors of 16569500.
2, 5, 31, 1069
List the prime factors of 1818343293.
3, 13, 197, 311, 761
List the prime factors of 32230542.
2, 3, 29, 185233
What are the prime factors of 146418041?
7, 11, 647, 2939
What are the prime factors of 11211731?
641, 17491
List the prime factors of 1660917992.
2, 207614749
What are the prime factors of 13906806?
2, 3, 2317801
What are the prime factors of 167295290?
2, 5, 3109, 5381
What are the prime factors of 52252319?
7, 7464617
What are the prime factors of 42729373?
97, 440509
What are the prime factors of 1511735232?
2, 3, 7, 1124803
What are the prime factors of 1168193858?
2, 13, 44930533
What are the prime factors of 557654560?
2, 5, 19, 183439
What are the prime factors of 17656440?
2, 3, 5, 147137
List the prime factors of 137005510.
2, 5, 13700551
What are the prime factors of 4578748?
2, 23, 157, 317
What are the prime factors of 144961924?
2, 17, 2131793
List the prime factors of 278814957.
3, 61, 97, 113, 139
List the prime factors of 254915510.
2, 5, 17, 29, 1783
List the prime factors of 2583261005.
5, 13, 37, 1074121
What are the prime factors of 24063469?
97, 248077
What are the prime factors of 104279426?
2, 727, 71719
List the prime factors of 1261314368.
2, 859, 22943
What are the prime factors of 4831574136?
2, 3, 201315589
What are the prime factors of 2382646555?
5, 43, 83, 133519
List the prime factors of 439339173.
3, 7, 13, 1609301
What are the prime factors of 673865094?
2, 3, 7, 41, 491, 797
List the prime factors of 32987163.
3, 11, 999611
List the prime factors of 95842301.
95842301
List the prime factors of 1033625264.
2, 7, 2957, 3121
List the prime factors of 67189732.
2, 137, 122609
List the prime factors of 142187264.
2, 555419
What are the prime factors of 715739321?
11, 17, 349, 997
What are the prime factors of 45317739?
3, 15105913
What are the prime factors of 3265689547?
239, 1511, 9043
List the prime factors of 137164714.
2, 193, 269, 1321
List the prime factors of 349205460.
2, 3, 5, 521, 11171
List the prime factors of 87759092.
2, 1103, 19891
List the prime factors of 465708504.
2, 3, 41, 317, 1493
List the prime factors of 261505308.
2, 3, 23, 9